p) = 13*p**2 - 9*p + 6. Let y(m) = -3*h(m) - 5*n(m). Calculate y(-7).
-8
Let a(l) = -l**3 - l**2 + l - 2. Let f(s) = 5*s**3 - s + 7. Let b(x) = -x**3 + 4*x**2 + 5*x - 21. Let k be b(4). Let z(t) = k*f(t) - 3*a(t). Determine z(2).
-9
Let b = -47 - -52. Suppose -84 - 166 = -b*v. Let u = v + -48. Let i(h) = h**3 - 2*h**2 - 3*h + 3. Give i(u).
-3
Let m be (140/(-6))/(-6*(-4)/(-36)). Suppose -m*l + 18 = -3*k - 33*l, -4*k = 2*l + 10. Let p(v) = -5*v - 4. Calculate p(k).
16
Let v be ((-894)/1937)/(6/(-52)). Let o(t) = -t**2 + 5. Give o(v).
-11
Let r(q) be the third derivative of q**4/12 - 7*q**3 + 4*q**2 - 100*q + 2. What is r(21)?
0
Let p(d) = -204*d - 2848. Let j be p(-14). Let g(w) = -22*w + 183. Calculate g(j).
7
Let h(n) = -2*n**2 - 26*n - 4. Let f be h(-15). Let m = 96 + f. Suppose 4*s + m = 4*q, -5*q + s + 13 + 11 = 0. Let d(i) = i**2 - 3*i - 2. Give d(q).
2
Let s(m) = -m**3 + 7*m**2 + 2*m - 10. Let c(f) = f**2 - f - 2. Let h be c(3). Suppose -4*x + 2*o + 24 = 0, h*x + 5*o - 24 - 14 = 0. Give s(x).
4
Let h(p) = -p**3 + 11*p**2 + 27*p - 14. Suppose 0 = -d + 5*d - 5*s - 37, 3*d = 2*s + 33. What is h(d)?
-1
Suppose -3*m - 3 - 15 = 0. Let y(t) be the second derivative of t**3/3 + 2*t**2 + 10008*t. What is y(m)?
-8
Let v(m) be the third derivative of m**5/30 - 5*m**4/24 + 2*m**3/3 + 139*m**2 + m. Suppose -z - 2*z = -12. Calculate v(z).
16
Let l(y) = -y + 6 + 0*y**2 + 9716*y**3 + 5*y**2 - 4857*y**3 - 4858*y**3. Suppose 0 = -s + 2*s - a, 5*s + 4*a + 45 = 0. Determine l(s).
11
Let i(m) = -13*m - 4. Let k(x) be the second derivative of x**3/2 + x**2/2 + 3*x + 9. Let c(h) = i(h) + 6*k(h). Calculate c(-2).
-8
Let w(s) = -s**3 - 7*s**2 + 6*s + 5. Let y = -435 - -433. Let n be ((-3)/y)/(147/(-686)). Give w(n).
-37
Let b be 136/(-14) - 2/7. Let i(o) be the second derivative of -o**3/6 - 5*o**2 + 7002*o. What is i(b)?
0
Let a(t) be the second derivative of 2*t**2 + 1/12*t**4 - 8*t - 1/20*t**5 - 3 + 0*t**3. Calculate a(0).
4
Let x(h) be the second derivative of h**5/20 + 3*h**4/4 + 10*h**3/3 + 5*h**2 - 2097*h. Calculate x(-6).
-2
Let i(y) = -464*y + 32. Let d(j) = 83*j - 6. Let q(r) = 28*d(r) + 5*i(r). Give q(5).
12
Let u(n) be the second derivative of -n**4/6 + 5*n**3/3 - 4*n**2 + 2*n - 23. Suppose -3*r + 10 = -2*v - 10, 2*r - 2*v - 14 = 0. What is u(r)?
-20
Let v(s) = -13*s + 24*s + 18*s - s**2 - 12*s - 1 - 18*s. What is v(5)?
-31
Let v(u) = 2*u**3 - 4*u**2 + u - 7. Let s be (-10 + (-544)/(-51))/((-60)/(-27) + -2). What is v(s)?
14
Suppose 2*r + 75*s = 74*s - 3, -9 = 2*r - 5*s. Let k(b) = -b**3 - 3*b**2 - 2*b - 4. Give k(r).
-4
Let f(v) be the second derivative of -1/20*v**5 + 7/12*v**4 + 0 + 3/2*v**2 + 40*v + 7/6*v**3. Calculate f(8).
-5
Let i(x) = 2*x**3 + 3*x**2 + 9*x + 31. Let w(q) = -3*q**3 - 6*q**2 - 19*q - 60. Let y(k) = -5*i(k) - 3*w(k). What is y(6)?
-11
Suppose 0 = -4*z - 2*h - 10, -2*z - h = 2*h - 1. Let q be ((-6)/4)/(z/(8/(-3))). Let r(i) = i + 4 - 2 + 0. What is r(q)?
1
Let k = -33 - -41. Suppose -o = -5*o - k. Let p(n) = -6*n + 4. Let c(t) = -12*t + 7. Let s(m) = 3*c(m) - 5*p(m). Give s(o).
13
Let b be (((-8)/42)/((-22)/(-99)))/((-12)/84). Let r(h) = 16*h - 40. Give r(b).
56
Let g(j) = 0 - 281*j + 0*j**3 + 279*j - 5*j**2 + j**3 - 3. Let u(h) = 6*h - 10. Let d be u(-1). Let p be (-12)/d + 68/16. What is g(p)?
-13
Let u(y) be the third derivative of -y**7/2520 - 7*y**5/30 + 13*y**4/24 - 4*y**2 + 4. Let a(z) be the second derivative of u(z). Determine a(0).
-28
Let d be ((-28)/20)/((-5)/25). Suppose 4*u = -3*i - d, 0*u - 5*i = -2*u + 29. Suppose 0 = u*o + 6, 0 = m + 4*m - 3*o + 1. Let s(k) = 12*k + 3. Give s(m).
-21
Let m(x) = -2*x**2 + 6*x + 2. Suppose 5*a = -5, 2*v + 9 = 3*v - 5*a. Determine m(v).
-6
Let c(n) = -n**3 - 8*n**2 - 5*n + 9. Let k = -91 + 67. Let h(t) = 3*t**2 + 73*t + 17. Let d be h(k). Determine c(d).
-5
Let b(i) be the second derivative of -i**4/12 + 7*i**3/6 + i**2/2 - i. Let v = -1674 - -885. Let a = v + 795. Calculate b(a).
7
Let h(m) = 32*m**2 - 206*m + 59. Let o(j) = 21*j**2 - 137*j + 39. Let x(d) = 7*h(d) - 11*o(d). Give x(9).
2
Let y be 60 - (360/(-150) - (-2)/5). Suppose -y = 6*v - 56. Let z(p) = 5*p**2 - 2*p**2 - 4*p**2. Give z(v).
-1
Let h(d) be the second derivative of d**3/6 - d**2/2 - 3*d. Let w(r) = 3*r**2 - 7*r + 6. Let c(u) = 6*h(u) + w(u). Let v = 35 + -36. Determine c(v).
4
Let s(p) = 7*p**3 - 13 - 6*p**3 + 362*p**2 - 18 - 361*p**2. Give s(0).
-31
Let g(x) be the third derivative of 5*x**4/24 + 7*x**3/3 - 7*x**2 + 77*x + 4. Calculate g(20).
114
Let a be ((-35)/(-14))/(10/(-100)). Let n(l) = 4*l + 92. What is n(a)?
-8
Suppose 11 = 3*v - 4*s, v - 5 = -0*s + s. Suppose -2*y = 4*k - 12, -3*k + 2*y + v = 6*y. Let p(a) = k + 3 - 3 + 2*a + 0. Calculate p(-5).
-7
Let q(k) = -2*k - 9. Suppose 0 = 19*m - 14*m - 75. Suppose 107*a - 104*a + m = 0. What is q(a)?
1
Let x(z) = 105*z**3 + 5*z**2 + 12*z + z**2 + 4*z**2 + 3 - 104*z**3. Determine x(-9).
-24
Let i be 3/7 + 5676/231 + -7. Let b(n) = n**3 - 20*n**2 + 34*n + 24. Calculate b(i).
-12
Let s(p) = -3560*p - 6. Let t(b) = 137*b + 1. Let u(z) = 4*s(z) + 104*t(z). Give u(-13).
-24
Suppose 143*z = -39*z + 2366. Let s(u) = u**3 - 10*u**2 - 40*u + 22. What is s(z)?
9
Suppose -25*a - 30*a + 220 = 0. Let q(z) = -2 - 88*z + 176*z - 87*z - z**3 + a*z**2 + 2*z**2. Determine q(5).
28
Let d(w) = -w**2 - 14*w - 51. Let v be d(-10). Let u(x) = 14*x + 31. Let s(f) = 5*f + 11. Let y(b) = v*s(b) + 4*u(b). Determine y(-9).
-6
Let t = 13536 + -13533. Let k(y) be the second derivative of 0 - 1/6*y**t + 1/12*y**4 + 20*y + y**2. What is k(3)?
8
Suppose -4 = -d - 2*d + l, -4*d + 16 = -4*l. Suppose -p + 6 = 2*p + 3*q, d = -2*p + 2*q + 4. Let c(f) = -f - f - p*f - f. What is c(3)?
-15
Let r(d) = 0*d**3 - d - 4*d**3 + 5*d**3. Suppose v = 5*k - 9*k + 92, 3*k + 85 = v. Suppose 96 = -8*m + v. Calculate r(m).
0
Let z(d) = -d - 4. Suppose -5*c = 55 + 225. Let g = -42 - c. Suppose 5*t = -5*y - 30, t - 5*y - g = 2*t. What is z(t)?
0
Let w(i) = -2*i**2 - 8*i - 2. Let k be w(-3). Let f(n) = -3 + n + 8*n**3 - 3*n**3 + k*n**3 + 4. Let d be (-1)/(-2*1/(-2)). Determine f(d).
-9
Let o(q) = 3*q - 11. Let j be o(5). Let m(t) = t**2 - 5*t - 1. Let u be m(6). Let n(i) = -u*i + 6 - i + 3*i + 0*i. What is n(j)?
-6
Suppose -50*k = -73*k + 161. Let s(g) = -g**3 + 5*g**2 + 8*g + 8. What is s(k)?
-34
Let d be (-57)/(-38)*16/(-6)*20/(-80). Let k(i) = 3*i + 2 + 5*i - 2*i. What is k(d)?
8
Suppose 5*q = -3*m, 2*m - 4*q - 22 = -0*m. Suppose -m*j + 9 = 4*j. Let z(c) be the third derivative of -c**4/3 - c**2. Calculate z(j).
-8
Let o(p) = p**3 + 14*p**2 + 11*p - 2. Let c(b) = 10*b**2 - 46*b - 33. Let x be c(5). Determine o(x).
24
Suppose -c - 1190 = -3*j, 3*c - 1515 = -3*j - 345. Let y = j - 389. Let k(o) = 2*o + 14. Determine k(y).
26
Let r(f) = -4*f**3 - 6*f**2 + 2*f - 6. Let q(x) = 7*x**2 + 157 - 2*x - 2*x - 150 + 2*x + 5*x**3. Let k(h) = -5*q(h) - 6*r(h). Determine k(1).
-1
Let p(v) = 42*v + 379. Let x be p(-9). Let a(t) = 10 - 14 + x + 21 + t. Determine a(-13).
5
Let w(y) = -19*y**3 + 52*y**2 + 89*y + 488. Let o(j) = 8*j**3 - 21*j**2 - 36*j - 203. Let s(f) = -12*o(f) - 5*w(f). Let x be 3/(-9) - 34/6. Determine s(x).
2
Let k(m) be the first derivative of -m**4/4 - 2*m**3 + 3*m + 24. Let p(c) = 3*c - 1. Let i be p(8). Suppose 2*j - v = -11, -j - i = 2*j + 5*v. Give k(j).
3
Let y(h) = -57*h**2 + 165*h**2 - 56*h**2 + 2 - 79*h**2. Calculate y(-1).
-25
Suppose 0 = -7*r + 69 + 1. Suppose 0 = -12*k - 122 - r. Let f(q) = q**2 + 12*q - 5. Determine f(k).
-16
Suppose 4*b - 130 = 246. Let v(w) = -w**2 - 95*w + 1 - 1 + b*w. Give v(-3).
-6
Let j(y) be the third derivative of -y**5/60 - 4*y**4/3 + 37*y**3/6 + 2*y**2 - 7*y. Let h be j(-33). Let n(r) = -2*r + 2. Give n(h).
-6
Let r(x) = -9*x**3 - 2*x**2 - 3*x - 8. Let d(c) be the second derivative of c**5/20 + c**2/2 - 2*c + 16. Let k(p) = 6*d(p) + r(p). Calculate k(-1).
2
Suppose -5*p + 16 = -49. Let q(f) = 51472 - 51472 - p*f**2. What is q(1)?
-13
Let m(n) = -15 + 10 - 3*n - 2*n + 6*n - 32. Calculate m(11).
-26
Let l(g) = 1031*g**2 - 4*g - 13. Let p be l(6). Let x(r) = r + r + 37070 - p. Let k be ((-4)/10)/(3/(-45)). What is x(k)?
3
Let j(w) = -w**3 + w**2 - w + 2. Let t(u) = -5*u**3 + 16*u**2 - u + 22. Let v(d) = 6*j(d) - t(d). Determine v(-8).
-98
Suppose -10*j + 8*j - 76 = -8*u, -